a prime number?
True
Is 33311 prime?
True
Is 10529 composite?
False
Is 13649 composite?
False
Is 149791 prime?
True
Is 27271 a prime number?
True
Is 97813 composite?
False
Is 72797 a prime number?
True
Is 635 a composite number?
True
Is 584446 prime?
False
Is 153107 prime?
True
Is 186899 prime?
False
Is 7763 a composite number?
True
Is 110897 prime?
False
Is 222983 a composite number?
True
Is 1623001 a prime number?
False
Is 599681 prime?
True
Is 73279 prime?
False
Is 61423 prime?
False
Is 9601 a prime number?
True
Is 61441 prime?
True
Is 96847 a prime number?
True
Is 84517 a prime number?
False
Is 377367 composite?
True
Is 9237 a composite number?
True
Is 118861 a composite number?
False
Is 2370723 prime?
False
Is 923155 composite?
True
Is 1693 a composite number?
False
Is 15527 composite?
False
Is 1139 a prime number?
False
Is 7891 a composite number?
True
Is 202471 a composite number?
False
Is 613673 composite?
False
Is 637291 prime?
True
Is 339 a composite number?
True
Is 124147 prime?
True
Is 57173 a prime number?
True
Is 4194035 a prime number?
False
Is 3241 a prime number?
False
Is 56513 composite?
True
Is 1229 prime?
True
Is 2333 a composite number?
False
Is 124939 composite?
True
Is 209453 a prime number?
False
Is 9803 a composite number?
False
Is 225857 prime?
False
Is 53479 prime?
True
Is 6547 a composite number?
False
Is 381841 composite?
False
Is 63277 a composite number?
False
Is 98953 a composite number?
False
Is 15133 a prime number?
False
Is 850727 a prime number?
True
Is 714121 composite?
True
Is 129329 composite?
True
Is 74411 composite?
False
Is 988257 composite?
True
Is 11989 a composite number?
True
Is 3679 a composite number?
True
Is 3809 a composite number?
True
Is 188117 a prime number?
False
Is 646909 prime?
True
Is 32749 prime?
True
Is 38899 composite?
True
Is 22251 prime?
False
Is 9719 composite?
False
Is 36097 a composite number?
False
Is 23039 prime?
True
Is 27989 a prime number?
False
Is 40191 a composite number?
True
Is 431929 a composite number?
False
Is 4771 a prime number?
False
Is 3691 composite?
False
Is 100151 a prime number?
True
Is 5147 composite?
False
Is 82541 prime?
False
Is 56087 prime?
True
Is 87347 composite?
True
Is 1601051 a prime number?
True
Is 196379 a prime number?
True
Is 278143 a composite number?
False
Is 8311 a composite number?
False
Is 10627 a prime number?
True
Is 6331 a prime number?
False
Is 34807 a composite number?
False
Is 6031 composite?
True
Is 105439 a prime number?
False
Is 265819 composite?
False
Is 16273 composite?
False
Is 121523 a composite number?
False
Is 22543 a prime number?
True
Is 279571 composite?
False
Is 507667 a prime number?
True
Is 5197 a composite number?
False
Is 2901 prime?
False
Is 2533 a prime number?
False
Is 31483 a prime number?
False
Is 4759 a composite number?
False
Is 80309 prime?
True
Is 38891 composite?
False
Is 35273 composite?
True
Is 304319 prime?
False
Is 68041 composite?
False
Is 8923 composite?
False
Is 100003 a prime number?
True
Is 1171 a prime number?
True
Is 57298 a prime number?
False
Is 5435 prime?
False
Is 2591 a prime number?
True
Is 282731 a prime number?
False
Is 280979 prime?
True
Is 47249 prime?
False
Is 8263 a prime number?
True
Is 1355 prime?
False
Is 1101 composite?
True
Is 133481 a prime number?
True
Is 263539 a composite number?
True
Is 26357 a composite number?
False
Is 8927 composite?
True
Is 4547 prime?
True
Is 2521 a prime number?
True
Is 69307 a composite number?
True
Is 1306807 prime?
False
Is 5057 a prime number?
False
Is 12611 composite?
False
Is 965 prime?
False
Is 1481 composite?
False
Is 91331 composite?
False
Is 11183 a composite number?
True
Is 21179 composite?
False
Is 6761 prime?
True
Is 2326661 a prime number?
True
Is 54193 a composite number?
False
Is 6769 a composite number?
True
Is 195629 composite?
True
Is 8501 prime?
True
Is 6029 a composite number?
False
Is 2161 prime?
True
Is 24305 a composite number?
True
Is 61186 a composite number?
True
Is 77893 a composite number?
False
Is 50111 composite?
False
Is 6239 composite?
True
Is 20674 a composite number?
True
Is 1699433 prime?
False
Is 1061147 prime?
False
Is 10226 a prime number?
False
Is 6143 a composite number?
False
Is 147307 a composite number?
True
Is 123817 composite?
False
Is 705115 composite?
True
Is 1193 a prime number?
True
Is 1079842 a prime number?
False
Is 5347591 a prime number?
True
Is 223 a composite number?
False
Is 3437 a prime number?
False
Is 35 a prime number?
False
Is 45707 a prime number?
True
Is 54721 prime?
True
Is 19301 composite?
False
Is 2434 a composite number?
True
Is 34171 a prime number?
True
Is 446073 a prime number?
False
Is 8857 prime?
False
Is 136163 prime?
True
Is 18035 composite?
True
Is 96569 prime?
False
Is 90367 a composite number?
True
Is 107671 prime?
True
Is 1993 prime?
True
Is 20851 a prime number?
False
Is 43729 composite?
True
Is 11399 composite?
False
Is 35699 a composite number?
True
Is 321865 a composite number?
True
Is 26077 a composite number?
True
Is 37231 a prime number?
False
Is 125893 composite?
True
Is 785 prime?
False
Is 3989 a composite number?
False
Is 17803 prime?
False
Is 167289 composite?
True
Is 39106 composite?
True
Is 719 composite?
False
Is 3433359 a prime number?
False
Is 4367 a composite number?
True
Is 32713 prime?
True
Is 222071 a prime number?
False
Is 297149 composite?
True
Is 60959 prime?
False
Is 2453519 composite?
False
Is 143137 composite?
False
Is 72101 a composite number?
False
Is 534201 a prime number?
False
Is 341947 composite?
False
Is 155395 prime?
False
Is 4430033 a prime number?
True
Is 9502 prime?
False
Is 153499 a composite number?
False
Is 510677 prime?
True
Is 88603 composite?
True
Is 738547 prime?
True
Is 64919 composite?
False
Is 71251 composite?
True
Is 237137 a composite number?
False
Is 335215 a prime number?
False
Is 2294381 a composite number?
True
Is 272639 prime?
False
Is 63677 a prime number?
False
Is 7433 a prime number?
True
Is 175949 a prime number?
True
Is 2053 a composite number?
False
Is 5474921 composite?
False
Is 809737 prime?
True
Is 9619 a prime number?
True
Is 10081 prime?
False
Is 61211 composite?
False
Is 1361 prime?
True
Is 4797571 a composite number?
False
Is 62401 a composite number?
False
Is 262 composite?
True
Is 135791 prime?
False
Is 460771 composite?
False
Is 17609 prime?
True
Is 9719 prime?
True
Is 5039 composite?
False
Is 27059 prime?
True
Is 81219 a composite number?
True
Is 55747 composite?
True
Is 2108231 prime?
True
Is 7061 composite?
True
Is 25111 a prime number?
True
Is 94467 a prime number?
False
Is 76955 a composite number?
True
Is 89851 composite?
True
Is 17291 a composite number?
False
Is 19001 a prime number?
True
Is 37049 a prime number?
True
Is 1511099 composite?
False
Is 768673 prime?
False
Is 19369 composite?
True
Is 246387 a prime number?
False
Is 134867 a composite number?
False
Is 219113 a prime number?
False
Is 2353633 a composite number?
True
Is 36901 a prime number?
True
Is 3799 prime?
False
Is 175166 prime?
False
Is 25301 a composite number?
False
Is 322849 composite?
False
Is 108331 a prime number?
False
Is 290399 composite?
False
Is 2537191 a prime number?
True
Is 27779 prime?
True
Is 44601 composite?
True
Is 3403 prime?
False
Is 29429 prime?
True
Is 909437 a composite number?
False
Is 328078 composite?
True
Is 260171 composite?
False
Is 6503 composite?
True
Is 10427 prime?
True
Is 311437 a composite number?
True
Is 231751 a prime number?
False
Is 7639 composite?
False
Is 541 prime?
True
Is 787 a prime number?
True
Is 1998991 a prime number?
True
Is 273551 prime?
True
Is 2101 composite?
True
Is 50837 prime?
False
Is 29067 composite?
True
Is 14429 composite?
True
Is 382678 a prime number?
False
Is 11747 a prime number?
False
Is 88423 composite?
False
Is 107698 prime?
False
Is 1861 prime?
True
Is 614173 prime?
False
Is 4867433 a composite number?
False
Is 143699 composite?
False
Is 6911 prime?
True
Is 5153 a prime number?
True
Is 4529 prime?
False
Is 13033 composite?
False
Is 7753 composite?
False
Is 393749 a prime number?
True
Is 5669 composite?
False
Is 23207 prime?
False
Is 23399 a prime number?
True
Is 1817 prime?
False
Is 1693 composite?
False
Is 13649 composite?
False
Is 35291 a prime number?
True
Is 17